6*c**2 + 9. What is the remainder when q(16) is divided by 10?
7
Suppose -f = 2*f - 12. Suppose -68 = -f*o + 8. Let c(m) = 2*m**2 + 98*m - 276. What is the remainder when c(-52) is divided by o?
17
Let f be (-1286)/(-10) + 3/(-5). Suppose 12*j - 14*j + f = 0. What is the remainder when j is divided by 11?
9
Let y = -194 - -286. Let o(c) = c**2 - 11*c - 106. What is the remainder when y is divided by o(18)?
12
Suppose 32916 = 110*q - 71*q. Calculate the remainder when q is divided by 83.
14
Let p(m) = 15*m - 176. What is the remainder when 24 is divided by p(12)?
0
Suppose w = -5*o + 68, 4*w - o - 59 = 213. Suppose -19*v + w = -236. What is the remainder when 40 is divided by v?
8
Let r(h) be the second derivative of -2*h**3/3 - 5*h**2 + 6*h - 30. Let l(i) = -2*i + 12. Let w be l(8). What is the remainder when 16 is divided by r(w)?
4
Let q(x) = x**3 + 9*x**2 + 14*x + 57. What is the remainder when q(-7) is divided by 34?
23
Let y(f) = 3*f**2 + 6*f - 7. Let j be y(-4). Suppose -2*m - 3 = -j. What is the remainder when 45 is divided by (m + -1)*3 + (-1 - 1)?
13
Suppose 219*q + 62 = 221*q. Suppose 2*d - 4*j = d + 1, 0 = -3*d + 3*j + 12. Calculate the remainder when q is divided by d.
1
Let p be (180/24)/(2/4). Calculate the remainder when 66 is divided by (425/20)/(p/24).
32
Suppose -2*p = 6 - 42. What is the remainder when p is divided by (38/(-6) + 3)/(96/(-288))?
8
What is the remainder when (7 - 13 - -348) + 0/(-3) is divided by 55?
12
Suppose -13 = -2*k - 3*b + 49, 5*k = -3*b + 128. Let d(x) = 2*x**2 + 6*x + 12. What is the remainder when d(-11) is divided by k?
12
Suppose -5*m - 202 = 48. Let g(s) = 6*s**2 - 6*s - 3. Let z be g(-3). Let r = m + z. What is the remainder when 51 is divided by r?
13
Let l = -187 + 70. Calculate the remainder when (l/(-12))/(-13)*-144 is divided by 31.
15
Suppose 2*f = 10, 56*m = 51*m - 2*f + 560. Suppose -b = 1 - 129. Let t = b - m. What is the remainder when t is divided by 6?
0
Suppose -2*a = -16 - 16. Let f be (-36)/8*a/12. Calculate the remainder when 130 is divided by f/2 + 4 + 32.
31
Suppose 21*s - 51*s - 12450 = 0. Let k = s + 476. What is the remainder when k is divided by 24?
13
Suppose 3*c - c = -o + 6, -57 = -2*o + 5*c. What is the remainder when 158 is divided by o/40 + (-54)/10 + 46?
35
Let m = -309 + 340. Calculate the remainder when (-28)/(-7) + (0 - -210) is divided by m.
28
Let m = 2643 - 2606. What is the remainder when 3512 is divided by m?
34
Let j(r) = 83*r**3 + 12*r**2 + 2*r - 6. What is the remainder when j(3) is divided by 10?
9
Suppose 4*s - 5*g = -2*g + 194, 2*g = -3*s + 154. Let w = 61 - s. What is the remainder when (3/(-9))/(2/(-126)) is divided by w?
10
Suppose 7232 = 5*j + m, 42*j = 41*j - m + 1444. What is the remainder when j is divided by 25?
22
Suppose -15*z + 404 = 4*k, -8*z - 202 = -2*k - 6*z. What is the remainder when 330 is divided by k?
27
Let g = -226 - -11. Let w = g - -232. What is the remainder when 115 is divided by w?
13
Suppose -57 + 703 = 34*j. Suppose -j*k + 16*k = -5*b + 31, -5*k = 4*b - 47. Calculate the remainder when 108 is divided by b.
4
Let a be 13/26 - (-255)/(-12)*2. Let t = 73 - a. Let z = -42 + 71. Calculate the remainder when t is divided by z.
28
Let o = -88 - 87. Let b = 181 + o. What is the remainder when 17 is divided by b?
5
Let m = 15893 + -15693. What is the remainder when 4197 is divided by m?
197
Suppose 0 = -3*r - 33 - 18. Let z = r + 0. Let v(n) = n**3 + 17*n**2 - 7*n - 23. What is the remainder when v(z) is divided by 7?
5
Let y = 10 - 7. Suppose 4 = 2*r - r, -y*a + 138 = -3*r. Let u(v) = -v**2 - 35*v - 267. What is the remainder when a is divided by u(-22)?
12
Suppose -637 = 68*r - 5805. Calculate the remainder when 2722 is divided by r.
62
Suppose -2*u = 3*h - 9610, -4*u + 309*h = 312*h - 19238. What is the remainder when u is divided by 22?
18
Let m = 32491 + -30490. Calculate the remainder when m is divided by 77.
76
Let c = 167 + -175. Calculate the remainder when -30*((-1)/(-2) - 1) is divided by ((-4)/(-8))/(c/(-112)).
1
Let l(g) = g**3 - 6*g**2 - 4*g - 8. Let x(s) = s**3 - 17*s**2 - 71*s + 1433. What is the remainder when l(9) is divided by x(16)?
35
Let i(r) = -8*r - 11. Let z = -16513 - -16637. Calculate the remainder when z is divided by i(-6).
13
What is the remainder when 28/(-7) + (7 - -556) is divided by 193?
173
Suppose -253 = 3*v + 41. Let b = 113 + v. Suppose -3*o + 56 = a, -3 = -o + 5*a + 5. Calculate the remainder when o is divided by b.
3
Let v = 2029 + -2958. Let r = -562 - v. Calculate the remainder when r is divided by 23.
22
What is the remainder when (-6)/(-4)*-57*50/(-15) is divided by 127?
31
Let h(c) = -c**2 + 10*c + 14. Let m be h(13). Let i = m + 33. Suppose 0 = i*g - g - 812. What is the remainder when g is divided by 24?
20
Let p(f) = 73*f**2 - 177*f - 726. What is the remainder when p(-4) is divided by 72?
70
Let n(t) = -t**3 - 26*t**2 - 68*t + 33. Calculate the remainder when 5997 is divided by n(-23).
7
Let c be (-14 - 0)/2 - 0/15. Let t = c + 19. What is the remainder when 70 is divided by t?
10
Suppose 14 = -s - 18. What is the remainder when 4 + ((-45)/12)/(6/s) is divided by 14?
10
Suppose 12 = -4*s, 0 = l + 5*s + 380 - 919. Let j = l - 456. Calculate the remainder when j is divided by 24.
2
Let a(l) = 818*l - 251862. Suppose -687 = -4*i + 285. Calculate the remainder when i is divided by a(308).
79
Suppose 2*q + 35 = -5*y, 5*y + 25 = -0*y - 4*q. Let r = 13 + y. Suppose 0 = 3*a + c + 9 - 47, 2*c - 37 = -3*a. Calculate the remainder when a is divided by r.
1
Let n(b) = b**2 - 4*b + 2. Let z be ((-1)/1)/(-6 + (8 - 3)). Let s be n(z). What is the remainder when 43 is divided by (15/9 + s)/((-2)/(-33))?
10
Let o be 58/(-3) - (-53)/159. What is the remainder when -4 - (0 + o + 10) is divided by ((-2)/(-6))/((-2)/(-6))?
0
Let r(q) = q**2 + 10*q + 5. Let c be r(-10). Suppose -c*a = -255 - 185. Let m = a + -59. What is the remainder when m is divided by 8?
5
Let w(n) = n + 24. Let c(q) = q**2 + 5*q. Calculate the remainder when w(-4) is divided by c(-6).
2
Let v(u) = u**2 + 62*u - 457. What is the remainder when v(-73) is divided by 39?
34
Let z = -46720 - -46850. What is the remainder when 1935 is divided by z?
115
Calculate the remainder when 1969 is divided by 1/(-15) + (-9728)/(-570).
14
Suppose 220 = 10*c - 6*c. Let y(w) = w**2 + 20*w - 11. Calculate the remainder when c is divided by y(-21).
5
Let o = -56 + 29. Let w be -3 + o*(28/(-12) + 3). Calculate the remainder when 178/4 - (w/6)/7 is divided by 17.
11
Let y = 8896 - 8668. What is the remainder when y is divided by 68?
24
Suppose 5*d + 35 = 5*c, 3*d + 17 = -2*c + c. Let g(i) = i**2 - i + 11. Let n(k) = -8*k + 75. Calculate the remainder when g(d) is divided by n(7).
15
What is the remainder when 210 is divided by 41/(2583/756)*(-1)/(2/(-14))?
42
Suppose -12*l + l - 32*l = -86. Let y be ((-1)/(-1))/1 - -2. Suppose 5*m - 51 = -y*c, m + l*m - 57 = -4*c. What is the remainder when 130 is divided by c?
10
Let u be (-53)/(-10) + (-60)/200 + -10. What is the remainder when 338 + ((-7)/(42/54) - u) is divided by 48?
46
Suppose 0 = 2*a - 5*a + 2730. Suppose p = -117*k + 118*k + 29, -4*p = -5*k - 129. Calculate the remainder when a is divided by p.
14
Suppose 3*h - 32 = -4*s, 12*h = 3*s + 16*h - 31. Suppose x = -s*u + 4*u + 21, x = -5*u + 21. What is the remainder when 313 is divided by x?
19
Let p(l) = -6*l + 24*l + 61 + 14*l - 2*l**2 + 9*l + 9*l. What is the remainder when 123 is divided by p(26)?
6
Let y = -339 - -348. What is the remainder when 350 is divided by 7 + 1*225/y?
30
Let a(k) = 6*k**3 - k**2 - 3*k + 3. Let w be 6*6/20*5. Suppose w*y - 65 - 133 = 0. What is the remainder when a(2) is divided by y?
19
Let m = 14836 - 14825. Let o = 29 - -14. Calculate the remainder when o is divided by m.
10
Let d(a) = -a**3 - 2*a**2 + 90*a + 60. What is the remainder when 352 is divided by d(8)?
72
Suppose -3237 = 21*a - 570. Let i = a + 222. Calculate the remainder when i is divided by 11.
7
Let m = -8085 + 8255. Calculate the remainder when m is divided by 49.
23
Suppose 13*w = 15 + 1181. Calculate the remainder when 3217 is divided by w.
89
Suppose -j - 10 = 3*f - 82, 4*j + 62 = 2*f. Let c be -6*7/(-2)*1. Suppose c*w = f*w - 320. Calculate the remain